/3. Let z = 6 - 6. Suppose 2*k - l - 306 = z. Calculate the greatest common divisor of 20 and k.
20
Suppose 306 = 5*b + 3*r, 3*b - 68 = 2*b - 4*r. Let g = -141 - -291. Calculate the greatest common divisor of g and b.
30
Let g = 44 + 396. Calculate the greatest common divisor of 770 and g.
110
Let h = 902 - 668. Calculate the highest common divisor of 18 and h.
18
Suppose -4*w = 2*m - 48, 5*m - 35 - 57 = -3*w. What is the greatest common factor of 152 and m?
8
Let y be ((-28)/42)/((-2)/90). What is the highest common divisor of 210 and y?
30
Let w be (3/((-45)/10))/((-4)/6). Suppose -4*j - w = -185. Calculate the greatest common factor of j and 414.
46
Suppose 0 = -5*s - 12 - 13, -4*t - 5*s = -287. What is the highest common factor of t and 18?
6
Let o be (-1000)/45 - 2/(-9). Let p be o/6*(1 + -4). Let q be 11 + 0 - (2 - 2). What is the highest common factor of q and p?
11
Let w(x) = 2*x**2 - 4. Let i be w(-4). Let q(t) = t**2 + 4*t + 11. Let r be q(-3). Let f be (r/(-6))/((-2)/6). Calculate the highest common divisor of f and i.
4
Suppose 0 = a - 46 - 63. Calculate the greatest common divisor of a and 3488.
109
Let p = -128 + 76. Let j = p - -73. What is the highest common factor of j and 63?
21
Suppose -512 = -2*m - 2*m. What is the greatest common divisor of m and 48?
16
Suppose 0 = m - 5*m + 5*j, 5*m - 17 = 2*j. Suppose m*b - 2*f = 1137 + 738, -1487 = -4*b - f. Let g = b + -253. Calculate the highest common factor of g and 15.
15
Let i be 22 - 8 - (0 + 2 + 1). What is the highest common factor of 506 and i?
11
Let n = 129 + -77. Let i = n + -10. Let q = -27 + i. What is the highest common factor of q and 30?
15
Let d be 10 - (2 + -1*3). Suppose 0 = -7*i + 22*i - 1155. What is the greatest common factor of d and i?
11
Suppose 0 = -128*u + 136*u - 30368. What is the greatest common divisor of 52 and u?
52
Suppose -18*n + 352 = -10*n. Calculate the highest common divisor of 1188 and n.
44
Let n(d) = -d**3 - 5*d**2 - 6*d + 5. Let k be n(-6). Suppose -83 + 1447 = 121*w + 3*w. What is the greatest common divisor of w and k?
11
Let p(w) be the first derivative of -w**2 - 2*w + 5 + 152/3*w**3. Let f be p(-1). Calculate the highest common factor of f and 19.
19
Suppose -40*p - 336 = -54*p. Calculate the highest common divisor of 384 and p.
24
Suppose -81 = -6*v + 315. Let r(o) = -o**3 - 8*o**2 + 7*o - 7. Let w be r(-9). What is the highest common divisor of w and v?
11
Let k = -10 + 13. Let b = k + 6. Suppose -2*m + b = -m. Calculate the greatest common divisor of 27 and m.
9
Let s(u) = 2*u + 15. Let t = 1 + -11. Let r be s(t). Let j(k) = -k**3 - 2*k**2 - k + 1. Let a be j(r). What is the greatest common factor of a and 9?
9
Suppose 0 = -13*l + 234 - 182. Calculate the greatest common divisor of 112 and l.
4
Let f be 1/(-2) - (-366)/4. Suppose -i + 4*l - 7*l + 10 = 0, 4*i - 47 = -5*l. Calculate the highest common divisor of i and f.
13
Let s = -127 + 151. Suppose -5 = d - 17. Calculate the highest common divisor of d and s.
12
Let w(r) = 28*r**3 - 2*r**2 - 2*r + 4. Let y be w(1). What is the greatest common divisor of 294 and y?
14
Let t(w) = w**3 - 27*w**2 + 6. Let h be t(27). What is the greatest common factor of h and 7?
1
Let m(v) = -v**3 - 3*v**2 + 3*v - 7. Let t be m(-5). Suppose -2*x + 6*x - 44 = 0. Suppose 4*d - 5 = x. What is the highest common factor of d and t?
4
Let x = -13 + 15. Let o(q) = 2*q**3 - q - 3*q**3 + 6*q**2 + 3*q**x. Let w be o(6). Calculate the highest common divisor of 34 and w.
34
Suppose -316 = 4*q - 2456. Suppose 5*l - q = -5*b, -b + 86 = -3*l - 33. Let t be (-19)/(-2) + (-2)/(-4). What is the highest common factor of t and b?
10
Let d(n) = -n + 13. Let r be d(0). Let b(f) = 31*f + 2*f**3 - 4*f**3 - 29*f - f**2. Let z be b(-4). Calculate the highest common factor of r and z.
13
Let p be 0 + -1 + 1 + 0. Suppose 0*s - 2*s + 12 = p. Suppose 2*q - 26 = -2*x, 67*q + 14 = 2*x + 66*q. Calculate the highest common factor of s and x.
3
Suppose 0 = 5*l + 273 - 83. Let h = l + 56. Suppose 795 = 2*g + 791. What is the highest common divisor of h and g?
2
Let m(w) = 72*w + 99. Let p be m(0). What is the highest common divisor of 9 and p?
9
Suppose -69 = -2*q + t, -t - 44 = -4*q + 97. What is the greatest common divisor of q and 396?
36
Suppose -5*f + 0*t = -4*t - 372, t = -5*f + 382. Let u = -45 + f. What is the highest common factor of u and 341?
31
Suppose 28*u + 367 = 1487. Calculate the highest common factor of 20 and u.
20
Let z(y) = y**3 - 8*y + 11. Let p be z(5). Suppose p*a + 51 = 99*a. Calculate the greatest common divisor of a and 34.
17
Suppose 6*z = 1747 + 1427. What is the greatest common factor of z and 23?
23
Suppose 6*o + 279 = 1287. What is the highest common factor of 48 and o?
24
Let d(q) = 2*q**2 + 1. Let z be d(-2). Let l = z + -10. Let j be (l - 0)*(-2 - 3). What is the highest common divisor of 2 and j?
1
Let x = 814 + -406. What is the highest common factor of 51 and x?
51
Let j be 364/(-8) - (-6)/4. Let b = 78 + j. Let v(w) = -12*w - 11. Let q be v(-8). What is the highest common factor of q and b?
17
Let u be -1*13/((-13)/24). Suppose 3*i = 9*i - u. Suppose -w + 4*b = -24, b + 2*b = -5*w + 28. Calculate the highest common divisor of i and w.
4
Suppose -38*g + 301 + 22803 = 0. Calculate the greatest common factor of g and 57.
19
Let b = 379 + -209. What is the highest common divisor of 10 and b?
10
Let u = 71 - 51. Suppose 680 = 5*i - 520. Suppose 4*q + i = 8*q. Calculate the highest common factor of u and q.
20
Let r = 505 + -460. Calculate the greatest common factor of r and 2070.
45
Let v = -126 + 633. Suppose -5*l + v = -5*s - 73, -226 = -2*l - s. Calculate the highest common divisor of 19 and l.
19
Let a = 88 - 222. Let y(t) = t + 28. Let m be y(-18). Let w be 2/(-5) - a/m. What is the greatest common factor of 78 and w?
13
Let g = 238 + -193. Calculate the highest common factor of 144 and g.
9
Suppose 4 = -7*p - 689. Let y be (-11)/p - 179/(-9). What is the greatest common factor of y and 280?
20
Suppose 22*p - 23*p = -29. What is the highest common divisor of 87 and p?
29
Suppose 0 = 33*u - 23*u - 50. Calculate the highest common divisor of u and 8.
1
Suppose -16*p - 16974 = -34*p. Calculate the highest common factor of p and 46.
23
Let c(p) = -4*p - 17. Let r be c(-5). Suppose 0 = r*z + 2*l - 19, -z = 3*z - 4*l + 8. Suppose z*i = -3*i + 60. Calculate the greatest common divisor of i and 4.
2
Suppose 1 + 1 = -o. Let i = 29 + o. What is the greatest common divisor of 3 and i?
3
Let g(z) = -4*z - 7. Let x be g(-5). Suppose 7*h - 9 = 26. Suppose -h*j = -342 - 113. Calculate the highest common factor of x and j.
13
Suppose -5*m + w = 2*w - 3141, 3*m = 5*w + 1907. Calculate the highest common factor of 51 and m.
17
Let p = -212 + 268. Calculate the highest common divisor of p and 21.
7
Let o(n) = 10*n + 3. Let f be o(1). Suppose f*h - 10*h + 75 = 0. Let y be 2/(-4)*(h + 7). Calculate the highest common divisor of 9 and y.
9
Let k be (-4)/(-30) + 3365/75. What is the greatest common factor of 5 and k?
5
Suppose 0 = 3*b + 4*w - 0*w + 61, -38 = 2*b + 4*w. Let j = 35 + b. Let z be 4/j + (-125)/(-3). Calculate the highest common divisor of 28 and z.
14
Suppose 0*o = 3*o - 6. Suppose b + o - 13 = 0. What is the highest common factor of b and 22?
11
Let j be 3 + 1 + 1 - -1. Suppose 5*c + s = 14, 3*s + 0 = c - j. Suppose -11*f + 12 = -7*f. What is the greatest common divisor of c and f?
3
Suppose -5*b - 400 = -4*w, 22*w = 23*w + 5*b - 100. Let z(i) = -10*i. Let l be z(-2). What is the greatest common factor of w and l?
20
Let u(l) = -l**3 + 5*l**2 + 5*l + 9. Let d be u(6). Let v be (-214)/(-8) - 1/(-12)*d. What is the greatest common divisor of 9 and v?
9
Suppose -2*q = -4*j + 42, -5*j + 10*j = -4*q + 72. Let t be ((-64)/j + -2)*-3. What is the greatest common divisor of t and 110?
22
Suppose 2*w - 4*j - 32 = -0*w, 2*j - 32 = -5*w. Let o = -39 - -41. Calculate the highest common divisor of w and o.
2
Suppose -5*h - 5*h + 1780 = 0. Calculate the greatest common factor of 2 and h.
2
Suppose -4*d + 16 = 0, -4*r - d + 6*d - 16 = 0. Let o be 1/r + (-34)/(-2). What is the greatest common divisor of o and 18?
18
Let g = -1252 - -1332. What is the highest common factor of g and 70?
10
Let s(k) = -k**3 + k**2 + k + 7.